ime factors of f?
421
Suppose 23*n - 311494 = 264641 + 318818. List the prime factors of n.
167, 233
What are the prime factors of (54 + -55)*(175044/(-4) - 0)?
3, 29, 503
Suppose -3*s + o = -0*o - 4, 0 = -5*s - 3*o + 30. Suppose c + 4*v - 1860 = -s*c, -2370 = -5*c + 4*v. What are the prime factors of c?
2, 5, 47
Let q be 120/20*5/((-30)/(-27)). Suppose -6*u + 4*k = -2*u, 2*u + 3*k - 15 = 0. Suppose -71 = -u*n - f + q, 3*f + 46 = n. List the prime factors of n.
2, 17
Let k = -176858 - -252767. List the prime factors of k.
3, 25303
Let d(x) = -14*x**2 + 7*x + 3. Let r(f) = f**2 + 1. Let j(v) = -d(v) - 3*r(v). List the prime factors of j(-5).
2, 19
Suppose -2*t + 4*p - 35 = -53, 4*p + 33 = 5*t. Suppose 0 = -3*m - 2*x + 5 + 1, -2*m + 5*x = -4. Suppose -t*k + m = -4*k. What are the prime factors of k?
2
Suppose o - 719 = -4*w, o - 683 = 4*w + w. Suppose 17*f + 4*v = 14*f + o, 4*f + v - 946 = 0. List the prime factors of f.
3, 79
Let v(m) = m**3 + 8*m - 12. Let h be v(7). Suppose j - h = a, 31 = -j + 5*a + 418. List the prime factors of j.
3, 43
Let a(r) = -1070*r - 3514. What are the prime factors of a(-27)?
2, 13, 61
Suppose 3*s - c - 61825 = 0, -5393*c + 5388*c = 4*s - 82465. List the prime factors of s.
2, 3, 5, 229
Let r = 818 - 156. Suppose 5*v = 2*d - 5*d + 1018, 5*v + r = 2*d. Let g = -207 + d. List the prime factors of g.
3, 43
Let q(l) = 2*l**2 - 29*l - 1. Let x be q(15). Suppose -3*d + 12 = -3*s, -3*d + s + x = -4*s. What are the prime factors of d?
3
Suppose -529054 = -473*a + 11049513. What are the prime factors of a?
7, 13, 269
Suppose 4*z = -5*f - 15, 3*f - 1 + 10 = 0. Suppose 4*w - 270 = 2*v + 262, -2*w - 4*v + 276 = z. List the prime factors of w.
2, 67
Suppose 0 = -2*j - 2124 - 2068. Let h = j - -2980. List the prime factors of h.
2, 13, 17
Let b be (2 + -1)*11/((-66)/54). Let m be (-4)/26 - b/(-78)*-36. Suppose 268 = m*f - 4*n - 28, 321 = 4*f + n. List the prime factors of f.
79
List the prime factors of -3 - (-123749)/19 - (-22)/(-209).
2, 3, 5, 7, 31
Suppose 24*h - 16008 - 33734 = -7958. What are the prime factors of h?
1741
Let i be -3 + (-3 - 1/(-2)*6). Let z be 1128/84 + i/7. Suppose q + 2*d - 51 = z, -59 = -q - d. What are the prime factors of q?
2, 3
Let a(m) = -m + 34. Let p be a(2). Suppose -238 = -66*h + p*h. What are the prime factors of h?
7
Let q(k) = -65*k + 18. Let n(c) = 16*c - 5. Let o(m) = -26*n(m) - 6*q(m). List the prime factors of o(-2).
2, 37
Suppose 47*o = -33*o + 381280. What are the prime factors of o?
2, 2383
Suppose -3*l + 3*q = -q + 179, -l = -4*q + 73. Let f = -13 - l. Suppose -5*d + f = -0*d. What are the prime factors of d?
2
Let b = -208 + 222. Suppose j + b*j = 3405. List the prime factors of j.
227
Let r be 9/30 - (-5989)/(-530). Suppose 0 = -5*f - 2*i - 9 - 27, 3*f + 2*i + 24 = 0. What are the prime factors of (-658)/r - f/33?
2, 3, 5
Let k = -79 + 82. Suppose -3*r - 3*d = -792, 360 + 435 = k*r + 4*d. Suppose -3*a + r = -417. List the prime factors of a.
2, 113
Let f(h) = 6*h**2 + 22*h - 4. Let c be f(-4). Suppose -6*y = -2*v - 3*y + 1561, -c*v - 3*y + 3077 = 0. What are the prime factors of v?
773
Let i(x) = -x**3 - 7*x**2 - 3*x + 12. Let u be i(-6). Let w be u/(-4)*(-1364)/(-33). Let t = w - 33. What are the prime factors of t?
29
Suppose -41148 = 250*q - 252*q + l, 5*q - 3*l = 102869. List the prime factors of q.
5, 823
Let b(a) = 11*a**2 + 13*a - 2. Let q be b(-9). Suppose -3028 = -25*t + q. What are the prime factors of t?
2, 19
Suppose 3*d = -5*u + 69784, 53*u - 55*u - 23254 = -d. What are the prime factors of d?
2, 29, 401
Let w = 1190 - 381. Suppose 813*m = w*m + 2200. List the prime factors of m.
2, 5, 11
Let s(m) = m**3 + 5*m**2 + 13*m + 41. Let g be s(-4). Suppose f + 1150 = 6*f + g*i, -4*f - 5*i + 918 = 0. List the prime factors of f.
2, 29
Let d(r) be the first derivative of r**3/3 + 11*r**2/2 + 25*r - 1. Let b(m) = -10*m - 37. Let f be b(-2). List the prime factors of d(f).
127
Let t be -2 + -3 + 2 + (32 - 40). List the prime factors of ((-121)/t + -2)/(1/3).
3
List the prime factors of (-7 + (-230)/(-30))/(8/59820).
5, 997
Let m(k) = -3*k + 48. Let q be m(18). What are the prime factors of ((-3)/(-27))/(q/(-81))*986?
3, 17, 29
Suppose -4*k + 96 = 2*k. Suppose 10*y - 24 - k = 0. Let w(a) = 14*a - 12. What are the prime factors of w(y)?
2, 11
Suppose 171 - 18 = 3*d. Suppose 3*a + 79 = 13. Let x = d + a. List the prime factors of x.
29
Let t = -39 - -41. Suppose -m + 3 = -u, m - u + t = -5*u. What are the prime factors of 20/(-50) + (-67)/(-10)*m?
13
Let w = 253 - 271. Let k(i) = -15*i - 61. What are the prime factors of k(w)?
11, 19
Let g(s) = -2*s + 68. Let v be g(35). List the prime factors of 44/(-11) - (-216 + v).
2, 107
Let x(g) = -g**3 + 4*g**2 + 3*g - 9. Let t be x(4). Let h(w) = -w**2 + 6*w + 1. Let u be h(t). Suppose 44 = r + u. List the prime factors of r.
2, 17
Let w be (-4 - -14)*(-1)/(-1). What are the prime factors of 3046/w - (24/15 - 2)?
5, 61
What are the prime factors of 220762/(-430)*12/(-2) - (-4)/(-10)?
2, 5, 7, 11
Suppose 86 = -3*a - 226. Let m = a + 610. What are the prime factors of m?
2, 11, 23
Suppose d - 4*y = 47833, -5*y = 3*d + 34930 - 178293. What are the prime factors of d?
13, 3677
Let t be 1*-5*12/(-20). Let a(i) = 22*i**3 - 4*i**2 + 11*i - 4. What are the prime factors of a(t)?
587
Let s = 2876 + -1800. List the prime factors of s.
2, 269
Let l = 79 + -68. Let y(m) = -6 - 13 - l*m - 14 - 8. What are the prime factors of y(-13)?
2, 3, 17
Let p(u) be the third derivative of -u**6/120 + 13*u**5/60 + 5*u**4/24 - 11*u**3/6 + 3*u**2. Let z be ((-1)/2)/(11/(-286)). List the prime factors of p(z).
2, 3
Let s(u) = 4*u**2 + u - 7. Let w be s(-5). Suppose -2*i = -5*p - 3*i + 92, -4*p + 5*i + 91 = 0. Let d = w - p. List the prime factors of d.
3, 23
Let i(f) = 23 - f - 16 + 15. Let n(k) = k**3 + 11*k**2 + 30*k + 31. Let o be n(-8). What are the prime factors of i(o)?
3, 13
Suppose -67*x + 236*x - 2028160 = 105*x. What are the prime factors of x?
2, 5, 3169
Suppose -3*g = 5*t + 61, -2*g + 4*t = 6*t + 34. Let b = 16 + g. Suppose -4*f = -4*u - 460, u = b*f - 256 - 201. List the prime factors of f.
2, 3, 19
Let s(y) = -1126*y + 25. Let o be s(-5). Suppose 17*a = o - 1456. Suppose 5*d - 4*f = 916 - a, -3*d + 4*f + 403 = 0. List the prime factors of d.
7, 19
Let o = -273 - -276. Let m(f) = 52*f + 26. What are the prime factors of m(o)?
2, 7, 13
Let v(s) = 15746*s + 104. What are the prime factors of v(2)?
2, 3, 2633
Suppose -f + 5866 = h, -2*f + 10420 = 5*h - 1306. List the prime factors of f.
2, 3, 163
Let c(p) = -p**2 - p + 18. Let f be c(-5). List the prime factors of (f - 13)/((-6)/128).
2, 5
Let i be -2 + 1*(0/1)/(-4). Let z be (2/(-3))/(i/24). Suppose 7*x + 107 = z*x. What are the prime factors of x?
107
Let b(x) = 2*x**2 - x + 289. Let k be b(0). Let m = 688 - k. List the prime factors of m.
3, 7, 19
Let w = -508 + 562. Suppose w*j - 10080 = 19*j. What are the prime factors of j?
2, 3
Let x = -5846 - -12361. List the prime factors of x.
5, 1303
Let w = 207 + -23. Let g = 540 - w. Let f = g - 220. What are the prime factors of f?
2, 17
Let y(g) = -2*g**2 + 68*g - 96. Let r be y(44). Let q = 416 - r. List the prime factors of q.
2, 3, 29
Let z be ((-48)/(-10))/(5/(-25)). Let b be -1 - -5 - (-88 + 11). Let q = b + z. List the prime factors of q.
3, 19
Let f(b) = 47*b - 127. Let k(i) = -8*i + 21. Let l(s) = -6*f(s) - 34*k(s). List the prime factors of l(4).
2
Let v(h) = h**3 - 104*h**2 - 164*h + 429. List the prime factors of v(107).
2, 59, 73
Let x = 451 - 255. List the prime factors of ((-1095)/10)/((-42)/x).
7, 73
Let z be -4 + (-1)/((-3)/21). Suppose -66 = -z*d - 0*d. Suppose 4*n = 10 + d. What are the prime factors of n?
2
Let d(c) = 9*c + 2 + 55 - 7*c + 9*c. Suppose 26*s = 55*s - 232. What are the prime factors of d(s)?
5, 29
Let k(g) = -107*g**3 + 3*g**2 - 10*g - 28. List the prime factors of k(-3).
2, 1459
Let u be 4/(-10)*(-25)/2. Suppose -u*k = -0*k - 10. Suppose -k*j = -3*y - 61 + 1, -4*j = -4*y - 116. What are the prime factors of j?
3
Suppose 1064*j - 1120825 = 1039*j. What are the prime factors of j?
107, 419
Let b = -35274 - -65371. List the prime factors of b.
30097
What are the prime factors of ((-1)/(-4) + 26732/80)/(83/415)?
2, 11, 19
Let x